 units digit of 38792611?
1
What is the tens digit of 2406638?
3
What is the thousands digit of 16308802?
8
What is the hundreds digit of 3574284380?
3
What is the hundreds digit of 1876711916?
9
What is the units digit of 96335642?
2
What is the millions digit of 767674542?
7
What is the tens digit of 108390354?
5
What is the thousands digit of 4591457335?
7
What is the hundred thousands digit of 1634634226?
6
What is the units digit of 5023892151?
1
What is the ten millions digit of 1992720485?
9
What is the hundreds digit of 332858242?
2
What is the units digit of 45007874?
4
What is the units digit of 763467753?
3
What is the thousands digit of 293837890?
7
What is the tens digit of 176983476?
7
What is the ten thousands digit of 312082779?
8
What is the hundreds digit of 434704984?
9
What is the millions digit of 551029855?
1
What is the units digit of 314242402?
2
What is the thousands digit of 104143064?
3
What is the ten millions digit of 37309778?
3
What is the units digit of 1878066453?
3
What is the units digit of 24195695?
5
What is the millions digit of 644589045?
4
What is the hundreds digit of 9855730?
7
What is the ten thousands digit of 4269241919?
4
What is the thousands digit of 96155686?
5
What is the tens digit of 46418967?
6
What is the hundred millions digit of 265904264?
2
What is the hundreds digit of 3035821892?
8
What is the tens digit of 4288771534?
3
What is the ten millions digit of 205734844?
0
What is the thousands digit of 1748891135?
1
What is the hundred thousands digit of 245339405?
3
What is the millions digit of 191552981?
1
What is the millions digit of 2934992370?
4
What is the ten thousands digit of 4226596958?
9
What is the ten thousands digit of 42075246?
7
What is the millions digit of 1036917061?
6
What is the thousands digit of 378964063?
4
What is the millions digit of 136291974?
6
What is the units digit of 22602063?
3
What is the thousands digit of 2584127800?
7
What is the thousands digit of 46804318?
4
What is the billions digit of 1032785937?
1
What is the ten thousands digit of 2302965946?
6
What is the tens digit of 23947121?
2
What is the hundreds digit of 26060077?
0
What is the hundred thousands digit of 480224683?
2
What is the millions digit of 1886117618?
6
What is the units digit of 682448969?
9
What is the billions digit of 1958192588?
1
What is the hundreds digit of 1787757492?
4
What is the hundred millions digit of 682645495?
6
What is the ten thousands digit of 16765637?
6
What is the hundred thousands digit of 1326628690?
6
What is the thousands digit of 32418297?
8
What is the tens digit of 34619318?
1
What is the hundred millions digit of 433811338?
4
What is the tens digit of 9806521?
2
What is the millions digit of 4467308391?
7
What is the hundred millions digit of 209641881?
2
What is the tens digit of 191937209?
0
What is the tens digit of 25558269?
6
What is the tens digit of 3280196973?
7
What is the ten thousands digit of 35814136?
1
What is the hundreds digit of 27586358?
3
What is the hundreds digit of 327110301?
3
What is the ten millions digit of 4107378658?
0
What is the thousands digit of 6889050?
9
What is the hundreds digit of 711161334?
3
What is the hundred millions digit of 1471452699?
4
What is the tens digit of 55807077?
7
What is the thousands digit of 46173519?
3
What is the ten millions digit of 53322742?
5
What is the tens digit of 294674280?
8
What is the hundreds digit of 42951204?
2
What is the billions digit of 1537424634?
1
What is the millions digit of 33912635?
3
What is the billions digit of 1016190907?
1
What is the ten thousands digit of 4747761?
4
What is the units digit of 6754402?
2
What is the hundreds digit of 12753356?
3
What is the tens digit of 5065519162?
6
What is the hundred thousands digit of 190305353?
3
What is the millions digit of 3256910965?
6
What is the ten millions digit of 61957024?
6
What is the hundred thousands digit of 3369504867?
5
What is the millions digit of 61964211?
1
What is the ten thousands digit of 99217041?
1
What is the ten millions digit of 1428862644?
2
What is the units digit of 24421928?
8
What is the units digit of 1121685170?
0
What is the hundred millions digit of 2933845908?
9
What is the hundreds digit of 38012723?
7
What is the hundred millions digit of 163042686?
1
What is the ten millions digit of 78087470?
7
What is the units digit of 132060754?
4
What is the hundreds digit of 63379955?
9
What is the hundred thousands digit of 389819954?
8
What is the thousands digit of 145881196?
1
What is the tens digit of 276469?
6
What is the millions digit of 399480454?
9
What is the tens digit of 200474249?
4
What is the hundreds digit of 207284478?
4
What is the hundred thousands digit of 264235021?
2
What is the ten millions digit of 1175499010?
7
What is the billions digit of 2396083936?
2
What is the thousands digit of 48564904?
4
What is the hundred thousands digit of 527506032?
5
What is the hundred thousands digit of 7867674?
8
What is the hundred millions digit of 1187539313?
1
What is the millions digit of 340467368?
0
What is the hundreds digit of 736497562?
5
What is the hundred thousands digit of 709859985?
8
What is the hundred thousands digit of 3066604093?
6
What is the units digit of 69986821?
1
What is the hundred millions digit of 869696502?
8
What is the thousands digit of 324559458?
9
What is the units digit of 5179907626?
6
What is the millions digit of 34408990?
4
What is the tens digit of 35721484?
8
What is the ten thousands digit of 22377570?
7
What is the ten thousands digit of 1175478956?
7
What is the ten thousands digit of 195533095?
3
What is the hundreds digit of 1864502764?
7
What is the tens digit of 3343347549?
4
What is the ten millions digit of 28131064?
2
What is the hundred thousands digit of 32657237?
6
What is the thousands digit of 361950390?
0
What is the hundred thousands digit of 2765825352?
8
What is the millions digit of 6333288499?
3
What is the units digit of 451335532?
2
What is the hundred millions digit of 1993094652?
9
What is the hundred thousands digit of 49121845?
1
What is the hundreds digit of 62809362?
3
What is the thousands digit of 34884451?
4
What is the tens digit of 137987234?
3
What is the thousands digit of 36693436?
3
What is the units digit of 73699533?
3
What is the millions digit of 912113044?
2
What is the ten millions digit of 39373459?
3
What is the hundred millions digit of 130957231?
1
What is the hundred thousands digit of 2693061573?
0
What is the hundred thousands digit of 413185378?
1
What is the thousands digit of 52564357?
4
What is the hundred millions digit of 518048477?
5
What is the hundred thousands digit of 418186765?
1
What is the ten millions digit of 2500250641?
0
What is the tens digit of 1467064?
6
What is the hundred thousands digit of 67308188?
3
What is the hundred thousands digit of 353108108?
1
What is the thousands digit of 233517?
3
What is the tens digit of 455815785?
8
What is the hundred millions digit of 175995142?
1
What is the hundred thousands digit of 31977877?
9
What is the hundred thousands digit of 176264694?
2
What is the ten millions digit of 106745023?
0
What is the units digit of 165489846?
6
What is the ten thousands digit of 58276069?
7
What is the units digit of 2743561803?
3
What is the hundred thousands digit of 219020007?
0
What is the millions digit of 92424584?
2
What is the units digit of 57461317?
7
What is the ten thousands digit of 56724534?
2
What is the ten millions digit of 57283316?
5
What is the ten thousands digit of 32824735?
2
What is the hundred thousands digit of 1210854543?
8
What is the hundred thousands digit of 250693349?
6
What is the hundred millions digit of 765660062?
7
What is the ten thousands digit of 830950959?
5
What is the hundred thousands digit of 984011446?
0
What is the units digit of 1023623116?
6
What is the units digit of 144754714?
4
What is the hundreds digit of 90301251?
2
What is the thousands digit of 121674201?
4
What is the hundreds digit of 4261508?
5
What is the hundred thousands digit of 115680?
1
What is the ten thousands digit of 52274822?
7
What is the thousands digit of 14434275?
4
What is the units digit of 138673377?
7
What is t